{"id":468,"date":"2022-10-18T15:16:18","date_gmt":"2022-10-18T15:16:18","guid":{"rendered":"http:\/\/g2co.work\/ing\/?post_type=product&#038;p=468"},"modified":"2026-03-11T20:32:37","modified_gmt":"2026-03-11T20:32:37","slug":"escritorios-compartidos","status":"publish","type":"product","link":"http:\/\/g2co.work\/ing\/producto\/escritorios-compartidos\/","title":{"rendered":"Escritorios compartidos"},"content":{"rendered":"<ul>\n<li>8 escritorios compartidos<\/li>\n<li>Acceso libre a internet de alta velocidad<\/li>\n<li>Frutas de estaci\u00f3n, caf\u00e9, t\u00e9 y mate<\/li>\n<li>Disponible por hora, d\u00eda, semana o mes<\/li>\n<\/ul>\n","protected":false},"excerpt":{"rendered":"<p>8 escritorios compartidos Acceso libre a internet de alta velocidad Frutas de estaci\u00f3n, caf\u00e9, t\u00e9 y mate Disponible por hora,&hellip;<\/p>\n","protected":false},"featured_media":474,"comment_status":"closed","ping_status":"closed","template":"","meta":[],"product_brand":[],"product_cat":[32],"product_tag":[],"class_list":{"0":"post-468","1":"product","2":"type-product","3":"status-publish","4":"has-post-thumbnail","6":"product_cat-coworkers-ocasionales","8":"first","9":"instock","10":"sale","11":"shipping-taxable","12":"purchasable","13":"product-type-simple"},"_links":{"self":[{"href":"http:\/\/g2co.work\/ing\/wp-json\/wp\/v2\/product\/468","targetHints":{"allow":["GET"]}}],"collection":[{"href":"http:\/\/g2co.work\/ing\/wp-json\/wp\/v2\/product"}],"about":[{"href":"http:\/\/g2co.work\/ing\/wp-json\/wp\/v2\/types\/product"}],"replies":[{"embeddable":true,"href":"http:\/\/g2co.work\/ing\/wp-json\/wp\/v2\/comments?post=468"}],"wp:featuredmedia":[{"embeddable":true,"href":"http:\/\/g2co.work\/ing\/wp-json\/wp\/v2\/media\/474"}],"wp:attachment":[{"href":"http:\/\/g2co.work\/ing\/wp-json\/wp\/v2\/media?parent=468"}],"wp:term":[{"taxonomy":"product_brand","embeddable":true,"href":"http:\/\/g2co.work\/ing\/wp-json\/wp\/v2\/product_brand?post=468"},{"taxonomy":"product_cat","embeddable":true,"href":"http:\/\/g2co.work\/ing\/wp-json\/wp\/v2\/product_cat?post=468"},{"taxonomy":"product_tag","embeddable":true,"href":"http:\/\/g2co.work\/ing\/wp-json\/wp\/v2\/product_tag?post=468"}],"curies":[{"name":"wp","href":"https:\/\/api.w.org\/{rel}","templated":true}]}}